 common divisor of 354 and 6.
6
Calculate the highest common divisor of 2016 and 1491.
21
Calculate the highest common factor of 92 and 207.
23
Calculate the highest common divisor of 350 and 84.
14
Calculate the greatest common divisor of 20820 and 120.
60
What is the greatest common divisor of 49 and 14?
7
Calculate the highest common factor of 196 and 4.
4
Calculate the highest common divisor of 354 and 30.
6
Calculate the greatest common divisor of 192 and 912.
48
What is the highest common factor of 35431 and 11?
11
What is the highest common divisor of 3096 and 132?
12
Calculate the greatest common factor of 1350 and 3.
3
Calculate the highest common divisor of 16 and 16.
16
What is the highest common divisor of 148 and 5698?
74
Calculate the greatest common divisor of 22 and 330.
22
What is the highest common divisor of 1 and 23?
1
What is the greatest common divisor of 209 and 341?
11
What is the highest common factor of 5698 and 98?
14
Calculate the greatest common divisor of 2715 and 15.
15
What is the highest common divisor of 165 and 6720?
15
What is the highest common factor of 295 and 708?
59
What is the highest common factor of 580 and 860?
20
Calculate the highest common divisor of 4 and 128.
4
Calculate the highest common factor of 570 and 3105.
15
What is the greatest common factor of 45 and 9?
9
Calculate the highest common factor of 85 and 5.
5
Calculate the greatest common divisor of 1053 and 117.
117
Calculate the highest common divisor of 72025 and 25.
25
Calculate the greatest common divisor of 12 and 2916.
12
Calculate the highest common factor of 8 and 88.
8
What is the highest common divisor of 610 and 76?
2
Calculate the greatest common divisor of 46 and 2806.
46
What is the greatest common divisor of 7 and 4907?
7
Calculate the greatest common factor of 3392 and 636.
212
Calculate the highest common divisor of 512 and 8.
8
Calculate the highest common divisor of 220 and 605.
55
What is the highest common divisor of 1560 and 12168?
312
Calculate the highest common divisor of 7809 and 57.
57
What is the highest common divisor of 5264 and 940?
188
Calculate the greatest common divisor of 8 and 632.
8
Calculate the greatest common divisor of 238 and 68.
34
What is the greatest common divisor of 640 and 10?
10
What is the highest common divisor of 210 and 735?
105
What is the greatest common divisor of 33 and 319?
11
What is the greatest common factor of 297 and 5511?
33
Calculate the highest common factor of 1679 and 46.
23
Calculate the highest common factor of 10 and 40.
10
Calculate the greatest common divisor of 17 and 2125.
17
What is the greatest common divisor of 36 and 27?
9
What is the greatest common factor of 80 and 2060?
20
What is the greatest common factor of 598 and 26?
26
Calculate the highest common factor of 2163 and 42.
21
What is the highest common factor of 147 and 6713?
49
Calculate the greatest common divisor of 314 and 2.
2
What is the highest common factor of 135 and 4995?
135
Calculate the greatest common factor of 31 and 124.
31
What is the highest common divisor of 2376 and 270?
54
What is the highest common factor of 207 and 92?
23
What is the highest common divisor of 100 and 425?
25
Calculate the greatest common divisor of 185 and 21460.
185
What is the greatest common factor of 115 and 552?
23
What is the greatest common divisor of 189 and 117?
9
What is the greatest common factor of 4290 and 165?
165
Calculate the highest common factor of 510 and 816.
102
What is the highest common factor of 60 and 750?
30
Calculate the highest common factor of 204 and 544.
68
Calculate the highest common factor of 315 and 30.
15
Calculate the highest common divisor of 2394 and 54.
18
Calculate the highest common divisor of 19604 and 464.
116
What is the highest common divisor of 252 and 198?
18
What is the highest common divisor of 1793 and 1141?
163
Calculate the greatest common divisor of 345 and 184.
23
What is the highest common divisor of 481 and 13?
13
Calculate the highest common divisor of 405 and 10.
5
What is the greatest common factor of 3759 and 63?
21
What is the highest common factor of 3630 and 30?
30
What is the highest common divisor of 24 and 108?
12
Calculate the greatest common factor of 11 and 341.
11
What is the highest common factor of 30 and 13710?
30
What is the greatest common divisor of 159 and 4611?
159
What is the greatest common factor of 5394 and 372?
186
Calculate the greatest common divisor of 174 and 6.
6
Calculate the greatest common divisor of 765 and 102.
51
What is the highest common divisor of 143 and 110?
11
What is the highest common divisor of 6 and 498?
6
What is the greatest common factor of 1470 and 520?
10
What is the highest common factor of 56 and 18284?
28
What is the highest common divisor of 28634 and 618?
206
Calculate the greatest common factor of 20 and 265.
5
Calculate the highest common divisor of 2985 and 30.
15
What is the highest common divisor of 172 and 16?
4
Calculate the greatest common divisor of 17108 and 13.
13
Calculate the greatest common divisor of 1336 and 8.
8
What is the greatest common divisor of 31 and 1?
1
What is the greatest common factor of 65 and 52?
13
Calculate the highest common factor of 18 and 1692.
18
Calculate the greatest common factor of 793 and 624.
13
What is the greatest common divisor of 2490 and 90?
30
Calculate the greatest common factor of 13 and 39.
13
What is the highest common divisor of 546 and 702?
78
What is the highest common factor of 27 and 1656?
9
What is the greatest common divisor of 84 and 36?
12
Calculate the greatest common factor of 36 and 2304.
36
Calculate the greatest common factor of 24 and 26.
2
What is the greatest common factor of 16940 and 280?
140
Calculate the greatest common factor of 144 and 8304.
48
What is the highest common divisor of 17628 and 12?
12
Calculate the greatest common factor of 76 and 10.
2
What is the highest common factor of 3425 and 137?
137
What is the greatest common factor of 6 and 3153?
3
Calculate the greatest common divisor of 43378 and 82.
82
What is the highest common factor of 266 and 9614?
38
What is the highest common divisor of 1296 and 72?
72
Calculate the greatest common divisor of 274 and 5.
1
What is the greatest common factor of 66 and 23826?
66
Calculate the greatest common factor of 17 and 1377.
17
Calculate the highest common divisor of 210 and 10.
10
Calculate the greatest common divisor of 11 and 6468.
11
Calculate the greatest common factor of 63 and 5229.
63
What is the greatest common divisor of 15 and 6900?
15
What is the greatest common factor of 39472 and 16?
16
What is the greatest common factor of 21 and 889?
7
Calculate the highest common divisor of 48 and 216.
24
What is the greatest common divisor of 135 and 5?
5
Calculate the highest common factor of 7 and 287.
7
Calculate the highest common factor of 190 and 570.
190
What is the highest common factor of 175 and 3?
1
Calculate the greatest common divisor of 144 and 27.
9
What is the greatest common factor of 28 and 28?
28
What is the highest common divisor of 2692 and 16?
4
What is the greatest common factor of 622 and 2?
2
What is the greatest common factor of 3 and 60?
3
Calculate the greatest common divisor of 190 and 1444.
38
What is the highest common divisor of 221 and 17?
17
What is the greatest common divisor of 4012 and 68?
68
What is the greatest common factor of 12492 and 36?
36
What is the highest common factor of 1598 and 20?
2
Calculate the greatest common factor of 75 and 45.
15
Calculate the greatest common factor of 10 and 1238.
2
Calculate the greatest common divisor of 110 and 2915.
55
What is the highest common divisor of 24 and 7488?
24
What is the greatest common factor of 4686 and 33?
33
Calculate the greatest common factor of 9730 and 70.
70
Calculate the highest common divisor of 12 and 124.
4
Calculate the greatest common divisor of 468 and 4428.
36
Calculate the highest common divisor of 23 and 391.
23
What is the greatest common divisor of 1067 and 1164?
97
What is the greatest common divisor of 513 and 152?
19
Calculate the greatest common divisor of 15 and 12.
3
Calculate the highest common divisor of 2871 and 396.
99
Calculate the highest commo